t q be p(w). Let a = -65 + q. What is the tens digit of a?
4
Suppose -15*t = -12*t + 4*s + 4005, s = 3. Let d = t + 2167. What is the hundreds digit of d?
8
Let a = 11 + 7. Suppose -a = -6*d + 24. Suppose -d*m + 1144 = m. What is the units digit of m?
3
Let k = -31 + 39. Suppose -k*x + 3*y = -13*x + 20, 5 = -y. What is the tens digit of 542/(-4)*(-5 + x)*-1?
7
Suppose -15 - 5 = -5*a. Let f(c) = -2*c**3 - 3*c**2 - 7*c - 1. Let q be f(-6). Suppose x + a*x = q. What is the tens digit of x?
7
Suppose 166 = 3*n - i - 3*i, 2*n + 4*i - 124 = 0. Suppose -13*g + 14*g - 2 = 0. Suppose 0 = 5*l - 3*a - 64, g*l - a + n = 6*l. What is the tens digit of l?
1
Let z be (-1 - 2)*-1 + -30 + 31. Suppose -p - z*i + 74 + 18 = 0, 10 = -5*i. What is the tens digit of p?
0
Suppose -5*n - 2*b - 3*b = 30, 3*n + 24 = -5*b. Let i(x) = -56*x + 24. Let f be i(n). Suppose -4*k + f = -380. What is the units digit of k?
3
Let x be -2 - ((-4804)/10 - 3/5). Let b be 2*1/2 - 26/(-26). Suppose i - k = 97, -b*k + 0*k = -5*i + x. What is the tens digit of i?
9
Let r(q) = -3*q**3 - 3*q**2 - 3*q**3 - 3 - 6*q + 4*q**3 + 4*q. Let z be r(-3). What is the units digit of (-70)/z*(2 - 17)?
5
Let u be (217/(-28) - -8) + (-309)/(-12). Let f be (21/(-4))/(1/(-4)). Suppose -u*k + 385 = -f*k. What is the units digit of k?
7
Suppose 79 = -7*j + 6*j. Let a = 82 + j. What is the hundreds digit of (-494)/(-2) - (8 - a)?
2
Let q = -8 + 4. Let g(h) = h**3 - 2. Let z(s) = -s**3 - 6*s**2 - 5*s - 9. Let k(r) = -2*g(r) + z(r). What is the units digit of k(q)?
1
Suppose 780 = 2*n + 5*h, -n + 4*h = -317 - 60. Suppose 3*y - 5*x = n, -2*x = 4*y - 0*y - 522. What is the units digit of y?
0
Let a = 1 + -1. Let k = -104 - -193. Suppose a*v + v = k. What is the units digit of v?
9
Let h(v) = 13*v**2 + v - 149. Let j be h(9). Suppose -j = -305*k + 304*k. What is the hundreds digit of k?
9
Let f(w) = w**2 - 5*w + 3. Let o be f(2). Let x(y) be the second derivative of -7*y**3/2 + 7*y**2/2 - 77*y. What is the tens digit of x(o)?
7
Let p(h) = h**3 - 7*h - 1. Let b be p(3). Suppose -10*v + b*v + 725 = 0. What is the tens digit of v?
4
Suppose -24 = -2*q - 0. Suppose -17*z = -q*z. Suppose z = -6*y + 401 - 89. What is the units digit of y?
2
Suppose -11*q + 12*q + 5*t = 0, q = -3*t. Suppose -38*r = -q*r - 1444. What is the units digit of r?
8
What is the thousands digit of (-16130180)/(-6538) + (-2)/(-14)*-8?
2
Suppose -2*q - 372*a + 370*a = -67692, -169254 = -5*q - a. What is the thousands digit of q?
3
Suppose -114 = -3*r + 4*l + 86, -3*r + 2*l + 196 = 0. Suppose -2*g = j + j - 70, 4*g - r = -2*j. What is the tens digit of j?
3
Let w = 9922 - 5950. What is the units digit of w?
2
Let w = -1217 - -1850. Suppose -3*u = -2*u - 4*k - w, -3*u = -4*k - 1859. Let s = u - 399. What is the tens digit of s?
1
Suppose 0 = 6*c - 936 - 3684. Suppose j - 319 = -5*i + 1592, -2*i = -j - c. What is the hundreds digit of i?
3
Let s(c) = -81*c**3 + 6*c**2 - 3*c + 2. Let h be s(2). Let r = 1131 + h. What is the tens digit of r?
0
Suppose 25*s - 8772 = 19*s. Let z = -764 + s. What is the tens digit of z?
9
Let h be ((-45)/12)/(-10 - 265970/(-26600)). Let z = -1956 + h. What is the hundreds digit of z?
3
Suppose -114*n = -33*n - 3931983. What is the thousands digit of n?
8
Let y = 843 - -349. Suppose 43*p - y = 35*p. What is the units digit of p?
9
Suppose 20*o + 32*o = 196976. Suppose -8*y = -o - 1876. What is the tens digit of y?
0
Suppose 64*d = 223806 + 69526 + 318188. What is the hundreds digit of d?
5
Let i = 52 + -55. Let b be 2/1 + i + 3. Suppose -4*r = -b*r - 5*h - 316, -h = 3*r - 491. What is the units digit of r?
3
Let b(c) = -4*c**3 - 11*c**2 - 42*c - 59. What is the units digit of b(-10)?
1
Suppose 66 = 9*l - 132. Suppose -n - 2 = -27. Suppose -b = -n - l. What is the tens digit of b?
4
Let p(s) = 21419*s**3 - 10*s**2 + 1. What is the units digit of p(1)?
0
Let r = -34 - -38. Suppose q + 3*t - 343 = 0, r*q - 5*t = 7*q - 1033. What is the hundreds digit of q?
3
Let a = 12460 - -50537. What is the tens digit of a?
9
Let m(j) = -j**3 + 3*j**2 + 13*j + 36. Let a be m(6). What is the units digit of ((-1422)/27)/((-2)/a)?
8
Let o(u) = 26*u**3 + 6*u**2 - 13*u - 9. Let g(p) = 14*p**3 + 4*p**2 - 7*p - 4. Let a(w) = 5*g(w) - 3*o(w). What is the thousands digit of a(-5)?
1
Suppose -5*v - 2*m = -73, 11 = 2*v + m - 18. Let u = v - 16. What is the units digit of (2*(-3)/(-18))/(u/(-381))?
7
Let r(j) = 578*j**2 + 10*j - 11. Let n be r(1). Let q = 829 - n. What is the units digit of q?
2
Suppose 0 = -5*l - 3*k + 414, -l + 2*k - 47 = -122. Let o be (11 + -4)*(-336)/(-49). Let w = l - o. What is the tens digit of w?
3
Suppose 1079 = y - 5*r, -448 - 3832 = -4*y + 2*r. Suppose 3*x - 1065 = 3*v, 0*x - y = -3*x + 4*v. What is the tens digit of x?
5
Let r(y) = 35*y**3 + 11*y**2 - 10*y - 57. What is the hundreds digit of r(6)?
8
Suppose -q = -2*j + 4 - 5, 3*q = 3*j - 3. Let f be q + ((-1)/(-2)*-2 - -1). What is the units digit of 876/16 + f*(-1)/12?
5
Let k(q) = 28*q**2 + 18*q + 40. Let t be k(-5). Suppose -20*r + 16*r - t = -3*d, -4*d + 854 = r. What is the tens digit of d?
1
Suppose 0 = 11*l - 122337 + 6705. What is the hundreds digit of l?
5
Let c = -271 - -275. Suppose 0*j = 5*g + 2*j - 3935, 2387 = 3*g - c*j. What is the tens digit of g?
8
Let h be 0 - (4 - -1 - -39). Let d = h + 88. What is the tens digit of d?
4
Suppose 4 + 0 = z. Let s = 168 + -164. Suppose -r + 277 - 47 = 5*x, 952 = z*r + s*x. What is the hundreds digit of r?
2
What is the hundreds digit of (-208308)/(-20) - (129/(-15) + 9)?
4
Suppose -18*h + 22*h - 18 = y, 5*y = 4*h - 26. What is the hundreds digit of (-89915)/(-70) - y/4?
2
Suppose -p + 6411 = -3*n, -3*p = n - 14995 - 4198. What is the hundreds digit of p?
3
Let l(h) = -192*h - 15. What is the tens digit of l(-4)?
5
Let w be (12/20)/((-2)/60). What is the units digit of 57 + w + 2*3?
5
Let q(r) = -6*r + 8. Let z be q(-33). Suppose -1061 + z = -19*f. What is the tens digit of f?
4
Let a = -7648 - -15562. Suppose 6 = -0*y - 2*y, 5*x - 3*y - a = 0. What is the units digit of x?
1
Suppose 937 - 21844 = -24*r + 1101. What is the tens digit of r?
1
Let j(b) = 331*b**3 + 2*b**2 - 2*b + 6. Let u be j(2). What is the hundreds digit of (-5 - 2)*(u/(-14) + -3)?
3
Suppose c - 26 = -2*z, 16 = c - 5*c. Suppose -21*o - z = -26*o. Suppose -5*w - 22 = o, 0 = 4*k + 4*w - 100. What is the units digit of k?
0
Suppose -4*b - 3*w + 62553 = 0, 9*w + 31257 = 2*b + 4*w. What is the thousands digit of b?
5
Suppose 8*v - 6181 = v. Suppose -w + x + x = -217, 5*x + v = 4*w. What is the tens digit of w?
2
What is the thousands digit of -83*((-222)/(-2331) + (-3490)/42)?
6
Suppose -2*t = -4*a - 21 + 15, 0 = 5*a - 5*t + 15. Let i be -12*1*(-10)/8. Suppose 81*s - 84*s + i = a. What is the units digit of s?
5
What is the thousands digit of (6 - (21 + -16))*6835?
6
What is the tens digit of 14 + 12 + 51128 + -1 + 8?
6
Let f(g) = 44*g. Let k be f(-4). What is the tens digit of (-4 - 7/(-14))*k?
1
Let t(w) = -4*w - 6. Let c be t(-2). Suppose b + 9 = c*q - 0, -5*q + 4*b + 15 = 0. Let j(g) = 3*g + 5. What is the units digit of j(q)?
6
Suppose 24*u + 24563 = -61693. Let k = u - -5295. What is the units digit of k?
1
Suppose -19*i + 102761 = -19124. What is the hundreds digit of i?
4
Suppose m + 2*d + d - 27 = 0, -3*m = -3*d - 45. Suppose 7*g - m = -228. What is the units digit of g/(-4)*(-5 - 285/(-25))?
8
Let d(a) = 43*a**2 - 11*a - 13. What is the hundreds digit of d(7)?
0
Let i = -19265 - -50620. What is the hundreds digit of i?
3
Let a(g) = -99*g + 8. Let n be a(1). Let u = 293 + n. Let i = -97 + u. What is the units digit of i?
5
Let y = 8 - 4. Suppose -y*n + 0*j = -j - 1162, -4*n - 5*j = -1150. Let s = n + -63. What is the tens digit of s?
2
Let i be (40/(-3))/(((-8)/(-12))/(-2)). Suppose -i = -2*k - 34. Suppose -k*w + 279 = 2*w + b, 0 = 3*w - 4*b - 172. What is the tens digit of w?
5
Suppose -u - 113*y + 111*y = -4093, y = -4. What is the tens digit of u?
0
Let g(i) = 26*i + 73. Let d(h) = h**3 - 24*h**2 + h - 19. Let b be d(24). What is the units digit of g(b)?
3
Let p(k) = 4*k**3 - k**2. Let b be p(1). Suppose 0 = -2*a - b + 5. Let z(i) = 63*i**2 + i - 2. What is the units digit of z(a)?
2
Suppose 25*g + 70171 = 301246. What is the tens digit of g?
